 (12 - 20)*1/(-2). Let b(q) = -q**3 + 3*q**2 + 5*q - 6. Calculate b(n).
-2
Let i = -1 - -3/2. Let r(c) be the second derivative of -1/2*c**3 + 0 + c - i*c**2 + 1/12*c**4. Give r(4).
3
Suppose 4*w - 4*i = 8, -2*w - 2*i + 2 = -5*i. Suppose 0 = 2*k + 8, -2*z + w*k - 4 = 2. Let h = 7 + z. Let v(g) = g**2 + 2*g. Calculate v(h).
8
Let b = 18 + -9. Let w(a) = -b*a + a**3 + 8*a - a. Give w(-2).
-4
Let t(v) = -v**2 + 4*v. Let n be t(4). Let w(a) be the second derivative of -2/3*a**3 + n + 1/20*a**5 - 1/12*a**4 + 2*a - 3/2*a**2. Give w(-2).
-7
Let r = -120 + 126. Let x(i) = -i**3 + 6*i**2 + 2*i + 2. Give x(r).
14
Let w(j) = j**2 - 4*j + 2. Suppose -v = 4*h - 12, 2*v - 3*h - 1 = 1. Calculate w(v).
2
Let b(q) = -q**2 - 6*q + 1. Suppose -5*f + 2 - 32 = 0. Determine b(f).
1
Let r(k) be the first derivative of -k**4/24 + 2*k**3/3 - 7*k**2/2 - 3. Let q(p) be the second derivative of r(p). What is q(2)?
2
Let q(t) = -t - 27 + 83 - 26 - 29. Determine q(-3).
4
Let r be 14/7*(-26)/4. Let f(u) = -u - 15. Let a be f(r). Let p(y) = 5*y. Give p(a).
-10
Suppose 2*s - 8 = 5*w, s - 4*w = 1 + 3. Let i(f) be the third derivative of -1/20*f**5 + 0 + 1/3*f**3 + 0*f - 5/24*f**4 + 1/120*f**6 - 4*f**2. Give i(s).
-2
Suppose 0*p + 4*p - 24 = 0. Let i(x) = x**2 - 4*x - 7. Determine i(p).
5
Let n = 26 + -4. Suppose -3*z - 5*b + n = 0, 7*b - 4*b = 5*z + 20. Let q(v) = 2*v**2 - v**2 + 6*v - 6*v. Determine q(z).
1
Let w = 25 + -10. Suppose a = 4*u + 6, -5*u + 0*u + 5*a - w = 0. Let o be -1 - 2*u - -2. Let d(j) = -j**2 + 3*j + 3. Give d(o).
3
Let s(d) = d - 4. Let x be s(7). Let m(k) = -k**3 + 6*k**2 + 2*k - 8. Let y be m(6). Let g(q) = 3*q - q + y - x. Give g(-2).
-3
Let c = -5 - -3. Let w = 10 - c. Suppose 2*f + 2 = w. Let q(x) = x - 7. Determine q(f).
-2
Suppose 5 = m - 0*m + n, -3*m + n = -3. Let h(i) be the second derivative of i**4/12 - 2*i**3/3 + i**2/2 + 2*i. Determine h(m).
-3
Let v(f) be the third derivative of -f**5/20 + f**4/24 - 8*f**2. Calculate v(-1).
-4
Let n be (-9)/(-6)*8/(-6). Let x(q) = 4*q + 2. Let a be x(n). Let v = a + 11. Let w(m) = 2*m - 6. Give w(v).
4
Let q = 4 - 2. Suppose 0 = -d - 3*p - 11, -q*d + 2*p = 7*p + 18. Let t(z) = -z - d + 3*z - 4*z. What is t(1)?
-3
Let o(s) be the third derivative of s**6/60 + s**5/15 + s**4/12 - 2*s**2. Suppose -4*x + 6 = -7*x. What is o(x)?
-4
Let r(u) = 3*u. Let p(q) = -9*q - 1. Let z(h) = 2*p(h) + 7*r(h). Calculate z(-3).
-11
Let z be (16/6 - 3)*6. Let l(b) = 2*b + 3. Give l(z).
-1
Let h = 16 - 11. Let o(i) = -i - 2*i + 24 - 39 + 17. Give o(h).
-13
Let g(j) = j - 1. Let i(b) = -4*b + 2. Let t(v) = -5*g(v) - i(v). Suppose 4*u - 1 - 15 = 0. Determine t(u).
-1
Let u = 1 + 3. Suppose 0 = 4*c - 3*w - 7, -2*c = u*w + 2. Let k(g) = 10*g**3 + g**2 - g + 1. Calculate k(c).
11
Let d = -2 - 3. Let c(b) = b**3 + b**2 - b. Let n be c(0). Let q(s) = 9*s + n*s + 5 + s**2 - s. Give q(d).
-10
Let h(p) be the third derivative of p**4/24 - p**3/2 - p**2. Suppose 7 = 2*z - 3*v - 4, z - 9 = 5*v. Give h(z).
1
Let v(c) = 3*c**2 - 6*c - 3. Let q be v(3). Let o(r) = r + 3. Give o(q).
9
Let w be (-14)/4 - (-2)/4. Suppose 22 = 2*a - 4*o, -a = -5*a - 3*o. Let y(h) = a*h + 3*h - 5*h + h**2 - 2 + 2*h. What is y(w)?
-2
Let n(z) = -z**3 - 8*z**2 - 7*z + 7. Suppose -8 = 4*c + 20. Determine n(c).
7
Suppose r + 4*j + 4 = -3*r, r = 5*j + 11. Let w(f) = -3*f**3 + f**2 - 2*f + 1. Give w(r).
-3
Let b(p) = 6*p**3 + 1 - 1 - 13*p**3. What is b(-1)?
7
Let c(h) = 2*h + 0*h + 1 + h**2 + 0*h**2 - 7*h**3. Let k be (2/(-4 + 2))/1. Calculate c(k).
7
Let k(a) = -1 + 0 + 12*a**2 - a**3 - 14*a**2. Let p(o) = o**3 + 2*o**2 + o. Let z be p(-2). Calculate k(z).
-1
Let w(i) = -i**2 - 4*i + 3. Let k be w(-4). Suppose -3*y = -3 - k. Let q(r) = r + 3 - 5 - r**y + 1. What is q(2)?
-3
Suppose 0 = -2*x - 0*x - 10. Let o(s) = 2*s - 2*s - 3*s + 2*s. What is o(x)?
5
Let x be 1*(2 + -1 + -2). Let o(m) be the second derivative of -m**7/840 - m**3/3 - m. Let c(h) be the second derivative of o(h). Give c(x).
1
Let l(w) = 4*w**3 - 3 - 3*w**3 - 3*w**2 + 2*w**2 + 3*w. Give l(2).
7
Let j(q) = q**2 - 2*q - 3. Let g = 6 + -1. Suppose -g*n - 15 = -3*p, p - 3*p = 0. Calculate j(n).
12
Suppose 5*g = 2*g. Let m(l) = l + 5. Calculate m(g).
5
Let d be 32/20 - (-2)/5. Let l(x) = -1 + 2 + 6 + 3*x - d*x. Let p(r) = 3*r. Let t be p(-1). Determine l(t).
4
Let h(q) = -55*q + 2 + 2*q**3 + 56*q + 0 - 3*q**3 - 5*q**2. Let p be h(-5). Let b(x) = x**3 + 4*x**2 + 4*x + 1. Determine b(p).
-2
Let v(b) = 3*b**2 + b + 1. Let k = -22 + 22. Suppose 4*r = -k*r - 8. Give v(r).
11
Let r(n) be the second derivative of n**3/6 - n**2 + 10*n. What is r(7)?
5
Let y = 6 - 2. Let m(d) = 6 - 2 + 7*d**2 + 1 - y. What is m(-1)?
8
Let l(o) be the third derivative of -o**4/6 - o**3/6 - 2*o**2. Give l(1).
-5
Let z = -9 + 3. Let d(g) = g**2 + 5*g - 3. Determine d(z).
3
Let x(d) = d + 9. Suppose 2*w - 4 + 0 = -4*h, -6 = -3*w. Calculate x(h).
9
Let v be (-3)/(-12) - 88/(-32). Suppose 0 = v*z + 1 - 4. Let i(j) = -j - 3*j**2 + 1 + 0*j - 2*j**2. What is i(z)?
-5
Let s = 21 + -12. Let h(r) = -r**2 + 9*r + 13. What is h(s)?
13
Suppose -4 = 4*k - 2*k, -m = -k - 7. Suppose -m = -f - 0*f. Let b(j) = j**3 - 6*j**2 + 6*j + 2. Determine b(f).
7
Let v be 1 + (8 - 1)/(-1). Let t(i) = -11*i**3 - 3*i**2 + 7*i. Let c(q) = 5*q**3 + 2*q**2 - 3*q. Let z(o) = -9*c(o) - 4*t(o). Calculate z(v).
6
Let w(o) = -11*o**3 + 8*o**2 + 15*o - 7. Let a(r) = -5*r**3 + 4*r**2 + 7*r - 3. Let v(y) = -13*a(y) + 6*w(y). Calculate v(-3).
-9
Let z(y) = 7*y - 2. Let o(h) = -4*h + 1. Let w(s) = -5*o(s) - 3*z(s). Suppose l - 3*u = 6, 5*l + 2*u + 19 = -2. What is w(l)?
4
Let f(n) be the third derivative of n**6/240 + 7*n**5/120 - n**4/12 - n**2. Let q(u) be the second derivative of f(u). Give q(-5).
-8
Let j = 16 + -11. Suppose j*w + 14 + 1 = 0. Let i(r) = -5*r + 4 + 4*r - 2. Calculate i(w).
5
Let k(i) be the first derivative of 5*i**3/3 + 2*i**2 + 2*i + 6. Calculate k(-2).
14
Let y(g) = g + 2. Let n(j) = j + 2. Let a(l) = 3*n(l) - 2*y(l). Calculate a(0).
2
Let m(k) = 3*k - 8. Let d = -4 + 10. Calculate m(d).
10
Let t(p) = -p + 2. Suppose 5*i + 3 = 4*b + 5, 5*b + 3*i = 16. Suppose -3*m = 2*c - 9, -3*c + 4*c = b*m - 13. Give t(c).
5
Let g(q) = 22*q - 4 - 17*q + 6*q**2 + 2 + 0 + q**3. Determine g(-4).
10
Let s(r) = -r**3 - 17*r**2 + 10*r**2 + r - 5 + 15. Give s(-7).
3
Let f(n) = -n + 1. Let l be f(0). Let u(a) = -3*a**3 + a**3 + a**3 + l. What is u(1)?
0
Let a = -2 + 5. Let x(h) = -5 + 3 + h**a + 4 + 3*h - 4*h**2 + 0. Calculate x(3).
2
Let d(j) be the first derivative of -j**4/4 + 4*j**3/3 + j**2/2 + 3*j - 8. What is d(4)?
7
Suppose -4 = 2*b + 5*s, -6*b + 3*s + 21 = -b. Suppose -5*u - b = 2. Let n(i) = 4*i**3 - i - 1. What is n(u)?
-4
Let m(u) = 4*u**3 + 4*u**2 - 4*u. Let f(r) = -r**3 - r**2 + r. Let s(p) = -7*f(p) - 2*m(p). Calculate s(2).
-10
Let l(g) = -g**2 + 2*g - 4. Let q(s) = s. Let v(o) = l(o) + 2*q(o). Calculate v(7).
-25
Let k(o) = -3 + o + 2 + 2*o**2 - 3*o - 3*o**2. Determine k(-4).
-9
Let j be (-2)/(-6) + (-60)/(-9). Let t(v) = 4*v + 6 + v**2 + 1 + j*v - 4*v. Give t(-5).
-3
Let u(y) = -2*y**2 - 3*y - 1. Let k(r) = -r**3 + 3*r**2 - 2. Let v be k(2). Suppose 3*i = 2*i - v. Give u(i).
-3
Let g = -4 - -7. Suppose -g = 3*j - 0. Let f be 1 - 2 - 6/j. Let v(y) = y**2 - 7*y + 5. Give v(f).
-5
Let a(t) be the first derivative of -2*t - 2*t**3 + 1/4*t**4 + 1 + 0*t**2. Let y be (4/3)/(6/27). Calculate a(y).
-2
Suppose 5*d - 152 - 19 = 4*g, -70 = -2*d + 2*g. Let j(p) = -d*p + 2 + 30*p - 1. Give j(-5).
6
Let t(m) = -m - 1. Let g(x) = x**3 - 4*x + 3. Let l be g(2). What is t(l)?
-4
Let r = -13 + 16. Suppose -2*a = -5 - 3, -b = r*a - 12. Let p(h) be the second derivative of -h**4/12 - h**3/6 + 4*h**2 - h. Calculate p(b).
8
Let y(v) = -2*v. Suppose -5*a + 0*a + 22 = 4*j, -j + 3*a = 3. Suppose j = i + 5. Give y(i).
4
Let z(u) be the second derivative of u**7/2520 + u**6/360 - u**5/120 + 7*u**4/12 - 5*u. Let o(g) be the third derivative of z(g). Give o(-3).
2
Suppose 4*a + 4 = 2*a. Let v(b) = 3*b**3 + 2*b**2 + b - 1. Give v(a).
-19
Let w(f) be the first derivative of 9*f**2 + f + 1. Give w(-1).
-17
Let z(y) = y - 6. Suppose 0 = 3*j + 4*a - 17, 2*j + 3*j + 4*a - 23 = 0. What is z(j)?
-3
Let u be (5/15)/((-2)/(-6)). Let k = 1 + u. Suppose -1 + 3 = -k*j. Let i(c) = c**3 - 2*c - 1. Give i